t common factor of 13377 and 507.
39
What is the greatest common factor of 63 and 17703?
63
What is the greatest common factor of 100 and 1863700?
100
What is the highest common factor of 12679440 and 46?
46
Calculate the highest common factor of 43 and 233963.
43
Calculate the greatest common divisor of 24 and 481788.
12
Calculate the highest common factor of 5248 and 284376.
328
Calculate the highest common divisor of 100141 and 419.
419
What is the highest common factor of 965523 and 26?
13
Calculate the greatest common divisor of 2781 and 135.
27
What is the highest common factor of 74503 and 468?
13
Calculate the greatest common factor of 52 and 223106.
26
What is the highest common divisor of 52 and 16627?
13
What is the greatest common factor of 5 and 9706?
1
What is the highest common divisor of 1960 and 3710?
70
Calculate the greatest common factor of 2 and 131267.
1
What is the greatest common factor of 988 and 2756?
52
Calculate the highest common factor of 28154 and 126.
14
What is the highest common factor of 206735 and 173?
173
What is the greatest common divisor of 714486 and 1544?
386
What is the greatest common factor of 1972 and 26100?
116
What is the highest common factor of 200 and 91880?
40
What is the highest common factor of 3 and 19125?
3
Calculate the highest common factor of 1572 and 2640.
12
What is the greatest common factor of 164 and 100?
4
What is the greatest common divisor of 7825 and 37873?
313
Calculate the greatest common divisor of 885 and 83544.
177
What is the greatest common factor of 5 and 105815?
5
What is the highest common factor of 10375 and 13280?
415
What is the greatest common divisor of 95 and 5313255?
95
Calculate the greatest common factor of 231 and 310317.
21
Calculate the greatest common factor of 3168 and 6094.
22
What is the greatest common factor of 19550 and 150?
50
What is the highest common divisor of 23724 and 684?
36
What is the highest common divisor of 571825 and 35600?
2225
Calculate the highest common divisor of 894996 and 108.
108
Calculate the greatest common factor of 1419 and 4042.
43
What is the greatest common divisor of 119462 and 5936?
742
Calculate the highest common factor of 18125 and 870.
145
What is the highest common divisor of 55 and 157080?
55
Calculate the highest common factor of 345275 and 175.
175
Calculate the greatest common factor of 202935 and 15.
15
Calculate the greatest common factor of 1936 and 594352.
1936
What is the highest common divisor of 277814 and 68?
34
Calculate the highest common divisor of 54 and 70095.
3
What is the highest common factor of 30 and 19226?
2
What is the highest common divisor of 1425 and 176225?
475
What is the greatest common divisor of 253 and 10764?
23
What is the highest common factor of 5175 and 349600?
575
Calculate the greatest common divisor of 449233 and 1135.
227
Calculate the greatest common factor of 187 and 55.
11
What is the greatest common factor of 1036575 and 459?
153
What is the greatest common factor of 108 and 62397?
27
Calculate the greatest common divisor of 896 and 8176.
112
Calculate the highest common divisor of 6325 and 58575.
275
Calculate the highest common factor of 40743 and 3240.
81
Calculate the greatest common factor of 6125 and 10.
5
What is the highest common divisor of 21 and 552741?
21
What is the greatest common factor of 1353 and 101079?
33
What is the greatest common factor of 2883 and 189813?
93
What is the highest common factor of 355035 and 15?
15
Calculate the greatest common factor of 53 and 49396.
53
Calculate the highest common divisor of 1011 and 6602841.
1011
Calculate the highest common divisor of 70027 and 293.
293
What is the highest common divisor of 3990 and 140?
70
Calculate the greatest common factor of 169 and 7436.
169
Calculate the greatest common factor of 160432 and 592.
592
What is the greatest common factor of 215742 and 492?
246
What is the greatest common divisor of 7446 and 731?
17
What is the highest common divisor of 56 and 40684?
28
What is the greatest common factor of 608368 and 752?
752
Calculate the greatest common factor of 944918 and 78.
26
What is the greatest common divisor of 10 and 159395?
5
Calculate the highest common divisor of 100 and 521425.
25
Calculate the highest common divisor of 105 and 198945.
15
Calculate the greatest common factor of 2448 and 11088.
144
Calculate the highest common factor of 1300702 and 57.
19
What is the highest common factor of 8037 and 113411?
893
Calculate the highest common divisor of 26529 and 3.
3
Calculate the greatest common factor of 611 and 9178.
13
What is the highest common divisor of 516 and 205626?
258
Calculate the greatest common factor of 40992 and 65184.
672
What is the greatest common factor of 90930 and 8610?
210
Calculate the greatest common divisor of 191060 and 164.
164
What is the greatest common divisor of 11656 and 564?
188
Calculate the highest common divisor of 72 and 32247.
9
What is the highest common factor of 2056771 and 1028?
257
Calculate the highest common divisor of 8789 and 34.
17
What is the highest common factor of 162 and 92286?
54
What is the greatest common factor of 1605 and 960?
15
What is the highest common divisor of 9 and 79389?
9
Calculate the greatest common divisor of 25288 and 9048.
232
Calculate the greatest common factor of 148 and 627557.
37
What is the highest common divisor of 99 and 46321?
11
Calculate the highest common factor of 1393 and 61093.
199
What is the highest common factor of 8579568 and 48?
48
Calculate the greatest common divisor of 1192 and 667818.
298
Calculate the highest common divisor of 8676 and 405.
9
What is the greatest common factor of 8074920 and 140?
140
Calculate the highest common divisor of 215682 and 119358.
2094
What is the highest common factor of 344 and 89612?
172
What is the highest common divisor of 5088 and 1023?
3
Calculate the highest common divisor of 16 and 266528.
16
What is the greatest common divisor of 18 and 1196649?
9
Calculate the greatest common divisor of 15 and 955.
5
What is the highest common factor of 2402335 and 845?
845
What is the highest common divisor of 4384 and 11645?
137
Calculate the greatest common divisor of 15657 and 969.
51
Calculate the greatest common factor of 6777136 and 656.
656
Calculate the greatest common divisor of 48435 and 15.
15
Calculate the highest common factor of 1252108 and 199.
199
Calculate the highest common divisor of 1122600 and 255.
15
Calculate the greatest common factor of 2349110 and 20.
10
What is the highest common divisor of 21615 and 4125?
165
Calculate the highest common divisor of 85 and 57834.
17
What is the highest common divisor of 406670 and 220?
110
What is the highest common divisor of 80415 and 1?
1
Calculate the greatest common factor of 439755 and 60.
15
What is the greatest common factor of 80 and 5000?
40
What is the greatest common divisor of 976 and 35197?
61
Calculate the highest common factor of 816 and 42857.
17
What is the greatest common factor of 114539 and 47?
47
Calculate the greatest common divisor of 650 and 25550.
50
What is the greatest common factor of 221 and 6799?
13
What is the highest common factor of 5575 and 4075?
25
What is the highest common divisor of 38356 and 258?
86
What is the highest common factor of 241264 and 272?
272
What is the highest common factor of 276 and 14260?
92
What is the highest common factor of 2132 and 13?
13
Calculate the greatest common divisor of 1700 and 3100.
100
Calculate the highest common factor of 25728 and 42.
6
Calculate the greatest common divisor of 98 and 80458.
98
Calculate the greatest common divisor of 498 and 157866.
498
Calculate the highest common divisor of 161 and 3151.
23
What is the greatest common divisor of 20247 and 1266033?
1191
What is the greatest common factor of 60736 and 39?
13
Calculate the greatest common factor of 11050 and 350.
50
Calculate the highest common factor of 268796 and 77.
11
Calculate the highest common factor of 1246 and 277502.
178
Calculate the highest common divisor of 9218 and 7821.
11
What is the highest common factor of 136464 and 184?
8
Calculate the greatest common factor of 637 and 45717.
49
What is the highest common divisor of 14670 and 22410?